{"id":359,"date":"2019-02-01T16:23:31","date_gmt":"2019-02-01T13:23:31","guid":{"rendered":"http:\/\/demo.safirtema.com\/neva\/wp-content\/uploads\/2019\/02\/antalyada-hortum-sonrasi-yurek-burkan-goruntuler-2.jpg"},"modified":"2019-02-01T16:23:31","modified_gmt":"2019-02-01T13:23:31","slug":"antalyada-hortum-sonrasi-yurek-burkan-goruntuler-5","status":"inherit","type":"attachment","link":"https:\/\/habergunleri.com\/index.php\/2019\/02\/01\/antalyada-hortum-sonrasi-yurek-burkan-goruntuler\/antalyada-hortum-sonrasi-yurek-burkan-goruntuler-5\/","title":{"rendered":"Antalya\u2019da hortum sonras\u0131 y\u00fcrek burkan g\u00f6r\u00fcnt\u00fcler!"},"author":1,"featured_media":0,"comment_status":"open","ping_status":"closed","template":"","meta":[],"class_list":["post-359","attachment","type-attachment","status-inherit","hentry"],"description":{"rendered":"<p class=\"attachment\"><a href='https:\/\/habergunleri.com\/wp-content\/uploads\/2019\/02\/antalyada-hortum-sonrasi-yurek-burkan-goruntuler-2.jpg'><img loading=\"lazy\" decoding=\"async\" width=\"300\" height=\"188\" src=\"https:\/\/habergunleri.com\/wp-content\/uploads\/2019\/02\/antalyada-hortum-sonrasi-yurek-burkan-goruntuler-2-300x188.jpg\" class=\"attachment-medium size-medium\" alt=\"\" srcset=\"https:\/\/habergunleri.com\/wp-content\/uploads\/2019\/02\/antalyada-hortum-sonrasi-yurek-burkan-goruntuler-2-300x188.jpg 300w, https:\/\/habergunleri.com\/wp-content\/uploads\/2019\/02\/antalyada-hortum-sonrasi-yurek-burkan-goruntuler-2.jpg 590w\" sizes=\"(max-width: 300px) 100vw, 300px\" \/><\/a><\/p>\n<p>\u00d6zellikle bir caretta carettan\u0131n kabu\u011fundaki par\u00e7alanma dikkat \u00e7ekerken, \u00f6len ku\u015flar\u0131n da bal\u0131k\u00e7\u0131l oldu\u011fu g\u00f6r\u00fcld\u00fc.<\/p>\n"},"caption":{"rendered":"<p>\u00d6zellikle bir caretta carettan\u0131n kabu\u011fundaki par\u00e7alanma dikkat \u00e7ekerken, \u00f6len ku\u015flar\u0131n da bal\u0131k\u00e7\u0131l oldu\u011fu g\u00f6r\u00fcld\u00fc.<\/p>\n"},"alt_text":"","media_type":"image","mime_type":"image\/jpeg","media_details":{"width":590,"height":370,"file":"2019\/02\/antalyada-hortum-sonrasi-yurek-burkan-goruntuler-2.jpg","sizes":{"thumbnail":{"file":"antalyada-hortum-sonrasi-yurek-burkan-goruntuler-2-150x150.jpg","width":150,"height":150,"mime_type":"image\/jpeg","source_url":"https:\/\/habergunleri.com\/wp-content\/uploads\/2019\/02\/antalyada-hortum-sonrasi-yurek-burkan-goruntuler-2-150x150.jpg"},"medium":{"file":"antalyada-hortum-sonrasi-yurek-burkan-goruntuler-2-300x188.jpg","width":300,"height":188,"mime_type":"image\/jpeg","source_url":"https:\/\/habergunleri.com\/wp-content\/uploads\/2019\/02\/antalyada-hortum-sonrasi-yurek-burkan-goruntuler-2-300x188.jpg"},"safirMiddle":{"file":"antalyada-hortum-sonrasi-yurek-burkan-goruntuler-2-400x240.jpg","width":400,"height":240,"mime_type":"image\/jpeg","source_url":"https:\/\/habergunleri.com\/wp-content\/uploads\/2019\/02\/antalyada-hortum-sonrasi-yurek-burkan-goruntuler-2-400x240.jpg"},"full":{"file":"antalyada-hortum-sonrasi-yurek-burkan-goruntuler-2.jpg","width":590,"height":370,"mime_type":"image\/jpeg","source_url":"https:\/\/habergunleri.com\/wp-content\/uploads\/2019\/02\/antalyada-hortum-sonrasi-yurek-burkan-goruntuler-2.jpg"}},"image_meta":{"aperture":"0","credit":"","camera":"","caption":"","created_timestamp":"0","copyright":"\u0130HLAS HABER AJANSI, www.iha.com.tr","focal_length":"0","iso":"0","shutter_speed":"0","title":"","orientation":"0","keywords":[]}},"post":355,"source_url":"https:\/\/habergunleri.com\/wp-content\/uploads\/2019\/02\/antalyada-hortum-sonrasi-yurek-burkan-goruntuler-2.jpg","_links":{"self":[{"href":"https:\/\/habergunleri.com\/index.php\/wp-json\/wp\/v2\/media\/359"}],"collection":[{"href":"https:\/\/habergunleri.com\/index.php\/wp-json\/wp\/v2\/media"}],"about":[{"href":"https:\/\/habergunleri.com\/index.php\/wp-json\/wp\/v2\/types\/attachment"}],"author":[{"embeddable":true,"href":"https:\/\/habergunleri.com\/index.php\/wp-json\/wp\/v2\/users\/1"}],"replies":[{"embeddable":true,"href":"https:\/\/habergunleri.com\/index.php\/wp-json\/wp\/v2\/comments?post=359"}]}}

Antalya’da hortum sonrası yürek burkan görüntüler!

<p class="attachment"><a href='https://habergunleri.com/wp-content/uploads/2019/02/antalyada-hortum-sonrasi-yurek-burkan-goruntuler-2.jpg'><img loading="lazy" decoding="async" width="300" height="188" src="https://habergunleri.com/wp-content/uploads/2019/02/antalyada-hortum-sonrasi-yurek-burkan-goruntuler-2-300x188.jpg" class="attachment-medium size-medium" alt="" srcset="https://habergunleri.com/wp-content/uploads/2019/02/antalyada-hortum-sonrasi-yurek-burkan-goruntuler-2-300x188.jpg 300w, https://habergunleri.com/wp-content/uploads/2019/02/antalyada-hortum-sonrasi-yurek-burkan-goruntuler-2.jpg 590w" sizes="(max-width: 300px) 100vw, 300px" /></a></p>
<p>Özellikle bir caretta carettanın kabuğundaki parçalanma dikkat çekerken, ölen kuşların da balıkçıl olduğu görüldü.</p>

<p>Özellikle bir caretta carettanın kabuğundaki parçalanma dikkat çekerken, ölen kuşların da balıkçıl olduğu görüldü.</p>

İHLAS HABER AJANSI, www.iha.com.tr
