{"id":382,"date":"2019-02-01T16:24:09","date_gmt":"2019-02-01T13:24:09","guid":{"rendered":"http:\/\/demo.safirtema.com\/neva\/wp-content\/uploads\/2019\/02\/cocuklarini-okula-gondermeyen-unluler-turkiyede-bakin-kim-var-2.jpg"},"modified":"2019-02-01T16:24:09","modified_gmt":"2019-02-01T13:24:09","slug":"cocuklarini-okula-gondermeyen-unluler-turkiyede-bakin-kim-var-5","status":"inherit","type":"attachment","link":"https:\/\/habergunleri.com\/index.php\/2019\/02\/01\/cocuklarini-okula-gondermeyen-unluler-turkiyede-bakin-kim-var\/cocuklarini-okula-gondermeyen-unluler-turkiyede-bakin-kim-var-5\/","title":{"rendered":"\u00c7ocuklar\u0131n\u0131 okula g\u00f6ndermeyen \u00fcnl\u00fcler! T\u00fcrkiye&#8217;de bak\u0131n kim var"},"author":1,"featured_media":0,"comment_status":"open","ping_status":"closed","template":"","meta":[],"class_list":["post-382","attachment","type-attachment","status-inherit","hentry"],"description":{"rendered":"<p class=\"attachment\"><a href='https:\/\/habergunleri.com\/wp-content\/uploads\/2019\/02\/cocuklarini-okula-gondermeyen-unluler-turkiyede-bakin-kim-var-2.jpg'><img loading=\"lazy\" decoding=\"async\" width=\"200\" height=\"300\" src=\"https:\/\/habergunleri.com\/wp-content\/uploads\/2019\/02\/cocuklarini-okula-gondermeyen-unluler-turkiyede-bakin-kim-var-2-200x300.jpg\" class=\"attachment-medium size-medium\" alt=\"\" srcset=\"https:\/\/habergunleri.com\/wp-content\/uploads\/2019\/02\/cocuklarini-okula-gondermeyen-unluler-turkiyede-bakin-kim-var-2-200x300.jpg 200w, https:\/\/habergunleri.com\/wp-content\/uploads\/2019\/02\/cocuklarini-okula-gondermeyen-unluler-turkiyede-bakin-kim-var-2.jpg 590w\" sizes=\"(max-width: 200px) 100vw, 200px\" \/><\/a><\/p>\n<p>B\u00fcy\u00fck o\u011flu Maddox&#8217;\u0131 bir s\u00fcre New York&#8217;taki bir Frans\u0131z okuluna g\u00f6nderen Jolie, bu konuda verdi\u011fi bir r\u00f6portajda \u015funlar\u0131 s\u00f6ylemi\u015fti:&#8221; Farkl\u0131 bir \u00e7a\u011fda ya\u015f\u0131yoruz ve e\u011fitim sistemi bizim ya\u015fam bi\u00e7imimize, \u00e7ocuklar\u0131ma pek de hitap etmiyor. Ben de her zaman onlara &#8220;\u00f6devlerinizi \u00e7abuk bitirin \u00e7\u00fcnk\u00fc d\u0131\u015far\u0131 \u00e7\u0131k\u0131p yeni \u015feyler ke\u015ffedece\u011fiz&#8221; diyorum.&#8221; Jolie, \u00e7ocuklar\u0131n\u0131n s\u0131n\u0131fta oturmak yerine m\u00fczelere gitmesini, gitar \u00e7almay\u0131 \u00f6\u011frenmesini ya da ho\u015fland\u0131klar\u0131 bir kitab\u0131 okumas\u0131n\u0131 daha e\u011fitici buldu\u011funu s\u00f6yl\u00fcyor.<\/p>\n"},"caption":{"rendered":"<p>B\u00fcy\u00fck o\u011flu Maddox&#8217;\u0131 bir s\u00fcre New York&#8217;taki bir Frans\u0131z okuluna g\u00f6nderen Jolie, bu konuda verdi\u011fi bir r\u00f6portajda \u015funlar\u0131 s\u00f6ylemi\u015fti:&#8221; Farkl\u0131 bir \u00e7a\u011fda ya\u015f\u0131yoruz ve e\u011fitim sistemi bizim ya\u015fam bi\u00e7imimize, \u00e7ocuklar\u0131ma pek de hitap etmiyor. Ben de her zaman onlara &#8220;\u00f6devlerinizi \u00e7abuk bitirin \u00e7\u00fcnk\u00fc d\u0131\u015far\u0131 \u00e7\u0131k\u0131p yeni \u015feyler ke\u015ffedece\u011fiz&#8221; diyorum.&#8221; Jolie, \u00e7ocuklar\u0131n\u0131n s\u0131n\u0131fta oturmak yerine m\u00fczelere [&hellip;]<\/p>\n"},"alt_text":"","media_type":"image","mime_type":"image\/jpeg","media_details":{"width":590,"height":885,"file":"2019\/02\/cocuklarini-okula-gondermeyen-unluler-turkiyede-bakin-kim-var-2.jpg","sizes":{"thumbnail":{"file":"cocuklarini-okula-gondermeyen-unluler-turkiyede-bakin-kim-var-2-150x150.jpg","width":150,"height":150,"mime_type":"image\/jpeg","source_url":"https:\/\/habergunleri.com\/wp-content\/uploads\/2019\/02\/cocuklarini-okula-gondermeyen-unluler-turkiyede-bakin-kim-var-2-150x150.jpg"},"medium":{"file":"cocuklarini-okula-gondermeyen-unluler-turkiyede-bakin-kim-var-2-200x300.jpg","width":200,"height":300,"mime_type":"image\/jpeg","source_url":"https:\/\/habergunleri.com\/wp-content\/uploads\/2019\/02\/cocuklarini-okula-gondermeyen-unluler-turkiyede-bakin-kim-var-2-200x300.jpg"},"safirWide":{"file":"cocuklarini-okula-gondermeyen-unluler-turkiyede-bakin-kim-var-2-590x420.jpg","width":590,"height":420,"mime_type":"image\/jpeg","source_url":"https:\/\/habergunleri.com\/wp-content\/uploads\/2019\/02\/cocuklarini-okula-gondermeyen-unluler-turkiyede-bakin-kim-var-2-590x420.jpg"},"safirMiddle":{"file":"cocuklarini-okula-gondermeyen-unluler-turkiyede-bakin-kim-var-2-400x240.jpg","width":400,"height":240,"mime_type":"image\/jpeg","source_url":"https:\/\/habergunleri.com\/wp-content\/uploads\/2019\/02\/cocuklarini-okula-gondermeyen-unluler-turkiyede-bakin-kim-var-2-400x240.jpg"},"full":{"file":"cocuklarini-okula-gondermeyen-unluler-turkiyede-bakin-kim-var-2.jpg","width":590,"height":885,"mime_type":"image\/jpeg","source_url":"https:\/\/habergunleri.com\/wp-content\/uploads\/2019\/02\/cocuklarini-okula-gondermeyen-unluler-turkiyede-bakin-kim-var-2.jpg"}},"image_meta":{"aperture":"0","credit":"","camera":"","caption":"","created_timestamp":"0","copyright":"","focal_length":"0","iso":"0","shutter_speed":"0","title":"","orientation":"0","keywords":[]}},"post":378,"source_url":"https:\/\/habergunleri.com\/wp-content\/uploads\/2019\/02\/cocuklarini-okula-gondermeyen-unluler-turkiyede-bakin-kim-var-2.jpg","_links":{"self":[{"href":"https:\/\/habergunleri.com\/index.php\/wp-json\/wp\/v2\/media\/382"}],"collection":[{"href":"https:\/\/habergunleri.com\/index.php\/wp-json\/wp\/v2\/media"}],"about":[{"href":"https:\/\/habergunleri.com\/index.php\/wp-json\/wp\/v2\/types\/attachment"}],"author":[{"embeddable":true,"href":"https:\/\/habergunleri.com\/index.php\/wp-json\/wp\/v2\/users\/1"}],"replies":[{"embeddable":true,"href":"https:\/\/habergunleri.com\/index.php\/wp-json\/wp\/v2\/comments?post=382"}]}}

Çocuklarını okula göndermeyen ünlüler! Türkiye&#8217;de bakın kim var

<p class="attachment"><a href='https://habergunleri.com/wp-content/uploads/2019/02/cocuklarini-okula-gondermeyen-unluler-turkiyede-bakin-kim-var-2.jpg'><img loading="lazy" decoding="async" width="200" height="300" src="https://habergunleri.com/wp-content/uploads/2019/02/cocuklarini-okula-gondermeyen-unluler-turkiyede-bakin-kim-var-2-200x300.jpg" class="attachment-medium size-medium" alt="" srcset="https://habergunleri.com/wp-content/uploads/2019/02/cocuklarini-okula-gondermeyen-unluler-turkiyede-bakin-kim-var-2-200x300.jpg 200w, https://habergunleri.com/wp-content/uploads/2019/02/cocuklarini-okula-gondermeyen-unluler-turkiyede-bakin-kim-var-2.jpg 590w" sizes="(max-width: 200px) 100vw, 200px" /></a></p>
<p>Büyük oğlu Maddox&#8217;ı bir süre New York&#8217;taki bir Fransız okuluna gönderen Jolie, bu konuda verdiği bir röportajda şunları söylemişti:&#8221; Farklı bir çağda yaşıyoruz ve eğitim sistemi bizim yaşam biçimimize, çocuklarıma pek de hitap etmiyor. Ben de her zaman onlara &#8220;ödevlerinizi çabuk bitirin çünkü dışarı çıkıp yeni şeyler keşfedeceğiz&#8221; diyorum.&#8221; Jolie, çocuklarının sınıfta oturmak yerine müzelere gitmesini, gitar çalmayı öğrenmesini ya da hoşlandıkları bir kitabı okumasını daha eğitici bulduğunu söylüyor.</p>

<p>Büyük oğlu Maddox&#8217;ı bir süre New York&#8217;taki bir Fransız okuluna gönderen Jolie, bu konuda verdiği bir röportajda şunları söylemişti:&#8221; Farklı bir çağda yaşıyoruz ve eğitim sistemi bizim yaşam biçimimize, çocuklarıma pek de hitap etmiyor. Ben de her zaman onlara &#8220;ödevlerinizi çabuk bitirin çünkü dışarı çıkıp yeni şeyler keşfedeceğiz&#8221; diyorum.&#8221; Jolie, çocuklarının sınıfta oturmak yerine müzelere [&hellip;]</p>
