{"id":383,"date":"2019-02-01T16:24:09","date_gmt":"2019-02-01T13:24:09","guid":{"rendered":"http:\/\/demo.safirtema.com\/neva\/wp-content\/uploads\/2019\/02\/cocuklarini-okula-gondermeyen-unluler-turkiyede-bakin-kim-var-3.jpg"},"modified":"2019-02-01T16:24:09","modified_gmt":"2019-02-01T13:24:09","slug":"cocuklarini-okula-gondermeyen-unluler-turkiyede-bakin-kim-var-6","status":"inherit","type":"attachment","link":"https:\/\/habergunleri.com\/index.php\/2019\/02\/01\/cocuklarini-okula-gondermeyen-unluler-turkiyede-bakin-kim-var\/cocuklarini-okula-gondermeyen-unluler-turkiyede-bakin-kim-var-6\/","title":{"rendered":"\u00c7ocuklar\u0131n\u0131 okula g\u00f6ndermeyen \u00fcnl\u00fcler! T\u00fcrkiye&#8217;de bak\u0131n kim var"},"author":1,"featured_media":0,"comment_status":"open","ping_status":"closed","template":"","meta":[],"class_list":["post-383","attachment","type-attachment","status-inherit","hentry"],"description":{"rendered":"<p class=\"attachment\"><a href='https:\/\/habergunleri.com\/wp-content\/uploads\/2019\/02\/cocuklarini-okula-gondermeyen-unluler-turkiyede-bakin-kim-var-3.jpg'><img loading=\"lazy\" decoding=\"async\" width=\"200\" height=\"300\" src=\"https:\/\/habergunleri.com\/wp-content\/uploads\/2019\/02\/cocuklarini-okula-gondermeyen-unluler-turkiyede-bakin-kim-var-3-200x300.jpg\" class=\"attachment-medium size-medium\" alt=\"\" srcset=\"https:\/\/habergunleri.com\/wp-content\/uploads\/2019\/02\/cocuklarini-okula-gondermeyen-unluler-turkiyede-bakin-kim-var-3-200x300.jpg 200w, https:\/\/habergunleri.com\/wp-content\/uploads\/2019\/02\/cocuklarini-okula-gondermeyen-unluler-turkiyede-bakin-kim-var-3.jpg 590w\" sizes=\"(max-width: 200px) 100vw, 200px\" \/><\/a><\/p>\n<p>Brad Pitt de daha \u00f6nce &#8220;Biz g\u00f6\u00e7ebe bir aileyiz, uluslararas\u0131 \u00e7al\u0131\u015fma planlar\u0131m\u0131z var&#8221; diyerek \u00e7ocuklar\u0131n\u0131n neden d\u00fczenli olarak belli bir okula gitmediklerini a\u00e7\u0131klam\u0131\u015ft\u0131. Brangelina \u00e7iftinin b\u00fcy\u00fck \u00e7ocuklar\u0131 Maddox, Zahara ve Pax Thien bir d\u00f6nem \u00e7iftin film \u00e7ekimi i\u00e7in bulundu\u011fu Prag&#8217;da bir okula devam etmi\u015fti. Buna kar\u015f\u0131n, \u00e7iftin bo\u015fanmas\u0131ndan sonra anneleriyle kalan alt\u0131 \u00e7ocuk ana dilleri \u0130ngilizce d\u0131\u015f\u0131nda farkl\u0131 diller \u00f6\u011freniyor. Jolie BBC Radio 4&#8217;te kat\u0131ld\u0131\u011f\u0131 Woman&#8217;s Hour Takeover isimli programda verdi\u011fi r\u00f6portajda \u00e7ocuklar\u0131n\u0131n hi\u00e7birinin oyunculu\u011fa ilgi duymad\u0131\u011f\u0131n\u0131 ancak dil \u00f6\u011frenmek konusunda olduk\u00e7a ba\u015far\u0131l\u0131 olduklar\u0131n\u0131 belirtti.<\/p>\n"},"caption":{"rendered":"<p>Brad Pitt de daha \u00f6nce &#8220;Biz g\u00f6\u00e7ebe bir aileyiz, uluslararas\u0131 \u00e7al\u0131\u015fma planlar\u0131m\u0131z var&#8221; diyerek \u00e7ocuklar\u0131n\u0131n neden d\u00fczenli olarak belli bir okula gitmediklerini a\u00e7\u0131klam\u0131\u015ft\u0131. Brangelina \u00e7iftinin b\u00fcy\u00fck \u00e7ocuklar\u0131 Maddox, Zahara ve Pax Thien bir d\u00f6nem \u00e7iftin film \u00e7ekimi i\u00e7in bulundu\u011fu Prag&#8217;da bir okula devam etmi\u015fti. Buna kar\u015f\u0131n, \u00e7iftin bo\u015fanmas\u0131ndan sonra anneleriyle kalan alt\u0131 \u00e7ocuk ana dilleri [&hellip;]<\/p>\n"},"alt_text":"","media_type":"image","mime_type":"image\/jpeg","media_details":{"width":590,"height":885,"file":"2019\/02\/cocuklarini-okula-gondermeyen-unluler-turkiyede-bakin-kim-var-3.jpg","sizes":{"thumbnail":{"file":"cocuklarini-okula-gondermeyen-unluler-turkiyede-bakin-kim-var-3-150x150.jpg","width":150,"height":150,"mime_type":"image\/jpeg","source_url":"https:\/\/habergunleri.com\/wp-content\/uploads\/2019\/02\/cocuklarini-okula-gondermeyen-unluler-turkiyede-bakin-kim-var-3-150x150.jpg"},"medium":{"file":"cocuklarini-okula-gondermeyen-unluler-turkiyede-bakin-kim-var-3-200x300.jpg","width":200,"height":300,"mime_type":"image\/jpeg","source_url":"https:\/\/habergunleri.com\/wp-content\/uploads\/2019\/02\/cocuklarini-okula-gondermeyen-unluler-turkiyede-bakin-kim-var-3-200x300.jpg"},"safirWide":{"file":"cocuklarini-okula-gondermeyen-unluler-turkiyede-bakin-kim-var-3-590x420.jpg","width":590,"height":420,"mime_type":"image\/jpeg","source_url":"https:\/\/habergunleri.com\/wp-content\/uploads\/2019\/02\/cocuklarini-okula-gondermeyen-unluler-turkiyede-bakin-kim-var-3-590x420.jpg"},"safirMiddle":{"file":"cocuklarini-okula-gondermeyen-unluler-turkiyede-bakin-kim-var-3-400x240.jpg","width":400,"height":240,"mime_type":"image\/jpeg","source_url":"https:\/\/habergunleri.com\/wp-content\/uploads\/2019\/02\/cocuklarini-okula-gondermeyen-unluler-turkiyede-bakin-kim-var-3-400x240.jpg"},"full":{"file":"cocuklarini-okula-gondermeyen-unluler-turkiyede-bakin-kim-var-3.jpg","width":590,"height":885,"mime_type":"image\/jpeg","source_url":"https:\/\/habergunleri.com\/wp-content\/uploads\/2019\/02\/cocuklarini-okula-gondermeyen-unluler-turkiyede-bakin-kim-var-3.jpg"}},"image_meta":{"aperture":"0","credit":"","camera":"","caption":"","created_timestamp":"0","copyright":"","focal_length":"0","iso":"0","shutter_speed":"0","title":"","orientation":"0","keywords":[]}},"post":378,"source_url":"https:\/\/habergunleri.com\/wp-content\/uploads\/2019\/02\/cocuklarini-okula-gondermeyen-unluler-turkiyede-bakin-kim-var-3.jpg","_links":{"self":[{"href":"https:\/\/habergunleri.com\/index.php\/wp-json\/wp\/v2\/media\/383"}],"collection":[{"href":"https:\/\/habergunleri.com\/index.php\/wp-json\/wp\/v2\/media"}],"about":[{"href":"https:\/\/habergunleri.com\/index.php\/wp-json\/wp\/v2\/types\/attachment"}],"author":[{"embeddable":true,"href":"https:\/\/habergunleri.com\/index.php\/wp-json\/wp\/v2\/users\/1"}],"replies":[{"embeddable":true,"href":"https:\/\/habergunleri.com\/index.php\/wp-json\/wp\/v2\/comments?post=383"}]}}

Çocuklarını okula göndermeyen ünlüler! Türkiye&#8217;de bakın kim var

<p class="attachment"><a href='https://habergunleri.com/wp-content/uploads/2019/02/cocuklarini-okula-gondermeyen-unluler-turkiyede-bakin-kim-var-3.jpg'><img loading="lazy" decoding="async" width="200" height="300" src="https://habergunleri.com/wp-content/uploads/2019/02/cocuklarini-okula-gondermeyen-unluler-turkiyede-bakin-kim-var-3-200x300.jpg" class="attachment-medium size-medium" alt="" srcset="https://habergunleri.com/wp-content/uploads/2019/02/cocuklarini-okula-gondermeyen-unluler-turkiyede-bakin-kim-var-3-200x300.jpg 200w, https://habergunleri.com/wp-content/uploads/2019/02/cocuklarini-okula-gondermeyen-unluler-turkiyede-bakin-kim-var-3.jpg 590w" sizes="(max-width: 200px) 100vw, 200px" /></a></p>
<p>Brad Pitt de daha önce &#8220;Biz göçebe bir aileyiz, uluslararası çalışma planlarımız var&#8221; diyerek çocuklarının neden düzenli olarak belli bir okula gitmediklerini açıklamıştı. Brangelina çiftinin büyük çocukları Maddox, Zahara ve Pax Thien bir dönem çiftin film çekimi için bulunduğu Prag&#8217;da bir okula devam etmişti. Buna karşın, çiftin boşanmasından sonra anneleriyle kalan altı çocuk ana dilleri İngilizce dışında farklı diller öğreniyor. Jolie BBC Radio 4&#8217;te katıldığı Woman&#8217;s Hour Takeover isimli programda verdiği röportajda çocuklarının hiçbirinin oyunculuğa ilgi duymadığını ancak dil öğrenmek konusunda oldukça başarılı olduklarını belirtti.</p>

<p>Brad Pitt de daha önce &#8220;Biz göçebe bir aileyiz, uluslararası çalışma planlarımız var&#8221; diyerek çocuklarının neden düzenli olarak belli bir okula gitmediklerini açıklamıştı. Brangelina çiftinin büyük çocukları Maddox, Zahara ve Pax Thien bir dönem çiftin film çekimi için bulunduğu Prag&#8217;da bir okula devam etmişti. Buna karşın, çiftin boşanmasından sonra anneleriyle kalan altı çocuk ana dilleri [&hellip;]</p>
