{"id":384,"date":"2019-02-01T16:24:09","date_gmt":"2019-02-01T13:24:09","guid":{"rendered":"http:\/\/demo.safirtema.com\/neva\/wp-content\/uploads\/2019\/02\/cocuklarini-okula-gondermeyen-unluler-turkiyede-bakin-kim-var-4.jpg"},"modified":"2019-02-01T16:24:09","modified_gmt":"2019-02-01T13:24:09","slug":"cocuklarini-okula-gondermeyen-unluler-turkiyede-bakin-kim-var-7","status":"inherit","type":"attachment","link":"https:\/\/habergunleri.com\/index.php\/2019\/02\/01\/cocuklarini-okula-gondermeyen-unluler-turkiyede-bakin-kim-var\/cocuklarini-okula-gondermeyen-unluler-turkiyede-bakin-kim-var-7\/","title":{"rendered":"\u00c7ocuklar\u0131n\u0131 okula g\u00f6ndermeyen \u00fcnl\u00fcler! T\u00fcrkiye&#8217;de bak\u0131n kim var"},"author":1,"featured_media":0,"comment_status":"open","ping_status":"closed","template":"","meta":[],"class_list":["post-384","attachment","type-attachment","status-inherit","hentry"],"description":{"rendered":"<p class=\"attachment\"><a href='https:\/\/habergunleri.com\/wp-content\/uploads\/2019\/02\/cocuklarini-okula-gondermeyen-unluler-turkiyede-bakin-kim-var-4.jpg'><img loading=\"lazy\" decoding=\"async\" width=\"300\" height=\"245\" src=\"https:\/\/habergunleri.com\/wp-content\/uploads\/2019\/02\/cocuklarini-okula-gondermeyen-unluler-turkiyede-bakin-kim-var-4-300x245.jpg\" class=\"attachment-medium size-medium\" alt=\"\" srcset=\"https:\/\/habergunleri.com\/wp-content\/uploads\/2019\/02\/cocuklarini-okula-gondermeyen-unluler-turkiyede-bakin-kim-var-4-300x245.jpg 300w, https:\/\/habergunleri.com\/wp-content\/uploads\/2019\/02\/cocuklarini-okula-gondermeyen-unluler-turkiyede-bakin-kim-var-4.jpg 590w\" sizes=\"(max-width: 300px) 100vw, 300px\" \/><\/a><\/p>\n<p>Kendall ve Kylie Jenner da anneleri Kris&#8217;in iste\u011fiyle evde e\u011fitildi.<\/p>\n"},"caption":{"rendered":"<p>Kendall ve Kylie Jenner da anneleri Kris&#8217;in iste\u011fiyle evde e\u011fitildi.<\/p>\n"},"alt_text":"","media_type":"image","mime_type":"image\/jpeg","media_details":{"width":590,"height":482,"file":"2019\/02\/cocuklarini-okula-gondermeyen-unluler-turkiyede-bakin-kim-var-4.jpg","sizes":{"thumbnail":{"file":"cocuklarini-okula-gondermeyen-unluler-turkiyede-bakin-kim-var-4-150x150.jpg","width":150,"height":150,"mime_type":"image\/jpeg","source_url":"https:\/\/habergunleri.com\/wp-content\/uploads\/2019\/02\/cocuklarini-okula-gondermeyen-unluler-turkiyede-bakin-kim-var-4-150x150.jpg"},"medium":{"file":"cocuklarini-okula-gondermeyen-unluler-turkiyede-bakin-kim-var-4-300x245.jpg","width":300,"height":245,"mime_type":"image\/jpeg","source_url":"https:\/\/habergunleri.com\/wp-content\/uploads\/2019\/02\/cocuklarini-okula-gondermeyen-unluler-turkiyede-bakin-kim-var-4-300x245.jpg"},"safirWide":{"file":"cocuklarini-okula-gondermeyen-unluler-turkiyede-bakin-kim-var-4-590x420.jpg","width":590,"height":420,"mime_type":"image\/jpeg","source_url":"https:\/\/habergunleri.com\/wp-content\/uploads\/2019\/02\/cocuklarini-okula-gondermeyen-unluler-turkiyede-bakin-kim-var-4-590x420.jpg"},"safirMiddle":{"file":"cocuklarini-okula-gondermeyen-unluler-turkiyede-bakin-kim-var-4-400x240.jpg","width":400,"height":240,"mime_type":"image\/jpeg","source_url":"https:\/\/habergunleri.com\/wp-content\/uploads\/2019\/02\/cocuklarini-okula-gondermeyen-unluler-turkiyede-bakin-kim-var-4-400x240.jpg"},"full":{"file":"cocuklarini-okula-gondermeyen-unluler-turkiyede-bakin-kim-var-4.jpg","width":590,"height":482,"mime_type":"image\/jpeg","source_url":"https:\/\/habergunleri.com\/wp-content\/uploads\/2019\/02\/cocuklarini-okula-gondermeyen-unluler-turkiyede-bakin-kim-var-4.jpg"}},"image_meta":{"aperture":"0","credit":"","camera":"","caption":"","created_timestamp":"0","copyright":"","focal_length":"0","iso":"0","shutter_speed":"0","title":"","orientation":"0","keywords":[]}},"post":378,"source_url":"https:\/\/habergunleri.com\/wp-content\/uploads\/2019\/02\/cocuklarini-okula-gondermeyen-unluler-turkiyede-bakin-kim-var-4.jpg","_links":{"self":[{"href":"https:\/\/habergunleri.com\/index.php\/wp-json\/wp\/v2\/media\/384"}],"collection":[{"href":"https:\/\/habergunleri.com\/index.php\/wp-json\/wp\/v2\/media"}],"about":[{"href":"https:\/\/habergunleri.com\/index.php\/wp-json\/wp\/v2\/types\/attachment"}],"author":[{"embeddable":true,"href":"https:\/\/habergunleri.com\/index.php\/wp-json\/wp\/v2\/users\/1"}],"replies":[{"embeddable":true,"href":"https:\/\/habergunleri.com\/index.php\/wp-json\/wp\/v2\/comments?post=384"}]}}

Çocuklarını okula göndermeyen ünlüler! Türkiye&#8217;de bakın kim var

<p class="attachment"><a href='https://habergunleri.com/wp-content/uploads/2019/02/cocuklarini-okula-gondermeyen-unluler-turkiyede-bakin-kim-var-4.jpg'><img loading="lazy" decoding="async" width="300" height="245" src="https://habergunleri.com/wp-content/uploads/2019/02/cocuklarini-okula-gondermeyen-unluler-turkiyede-bakin-kim-var-4-300x245.jpg" class="attachment-medium size-medium" alt="" srcset="https://habergunleri.com/wp-content/uploads/2019/02/cocuklarini-okula-gondermeyen-unluler-turkiyede-bakin-kim-var-4-300x245.jpg 300w, https://habergunleri.com/wp-content/uploads/2019/02/cocuklarini-okula-gondermeyen-unluler-turkiyede-bakin-kim-var-4.jpg 590w" sizes="(max-width: 300px) 100vw, 300px" /></a></p>
<p>Kendall ve Kylie Jenner da anneleri Kris&#8217;in isteğiyle evde eğitildi.</p>

<p>Kendall ve Kylie Jenner da anneleri Kris&#8217;in isteğiyle evde eğitildi.</p>
