{"id":489,"date":"2019-02-01T16:27:40","date_gmt":"2019-02-01T13:27:40","guid":{"rendered":"http:\/\/demo.safirtema.com\/neva\/wp-content\/uploads\/2019\/02\/tasarim-harikasi-2019-mercedes-benz-v-serisi-tanitildi-0.jpg"},"modified":"2019-02-01T16:27:40","modified_gmt":"2019-02-01T13:27:40","slug":"tasarim-harikasi-2019-mercedes-benz-v-serisi-tanitildi-3","status":"inherit","type":"attachment","link":"https:\/\/habergunleri.com\/index.php\/2019\/02\/01\/tasarim-harikasi-2019-mercedes-benz-v-serisi-tanitildi\/tasarim-harikasi-2019-mercedes-benz-v-serisi-tanitildi-3\/","title":{"rendered":"Tasar\u0131m harikas\u0131 2019 Mercedes-Benz V serisi tan\u0131t\u0131ld\u0131"},"author":1,"featured_media":0,"comment_status":"open","ping_status":"closed","template":"","meta":[],"class_list":["post-489","attachment","type-attachment","status-inherit","hentry"],"description":{"rendered":"<p class=\"attachment\"><a href='https:\/\/habergunleri.com\/wp-content\/uploads\/2019\/02\/tasarim-harikasi-2019-mercedes-benz-v-serisi-tanitildi-0.jpg'><img loading=\"lazy\" decoding=\"async\" width=\"300\" height=\"191\" src=\"https:\/\/habergunleri.com\/wp-content\/uploads\/2019\/02\/tasarim-harikasi-2019-mercedes-benz-v-serisi-tanitildi-0-300x191.jpg\" class=\"attachment-medium size-medium\" alt=\"\" srcset=\"https:\/\/habergunleri.com\/wp-content\/uploads\/2019\/02\/tasarim-harikasi-2019-mercedes-benz-v-serisi-tanitildi-0-300x191.jpg 300w, https:\/\/habergunleri.com\/wp-content\/uploads\/2019\/02\/tasarim-harikasi-2019-mercedes-benz-v-serisi-tanitildi-0-768x489.jpg 768w, https:\/\/habergunleri.com\/wp-content\/uploads\/2019\/02\/tasarim-harikasi-2019-mercedes-benz-v-serisi-tanitildi-0.jpg 825w\" sizes=\"(max-width: 300px) 100vw, 300px\" \/><\/a><\/p>\n<p>Avrupa&#8217;da \u00f6n\u00fcm\u00fczdeki Mart ay\u0131ndan itibaren sat\u0131\u015fa sunulacak olan Mercedes Benz V serisi, 2019 y\u0131l\u0131na damga vuracak. Yenilenen tasar\u0131m\u0131yla g\u00f6z dolduran minib\u00fcs modelinin al\u0131c\u0131lar\u0131 \u00e7\u0131k\u0131\u015f tarihini iple \u00e7ekiyor. Peki yenilenen tasar\u0131m\u0131yla gelen Mercedes-Benz V-Serisi  2019 modelinin \u00f6zellikleri neler?<\/p>\n"},"caption":{"rendered":"<p>Avrupa&#8217;da \u00f6n\u00fcm\u00fczdeki Mart ay\u0131ndan itibaren sat\u0131\u015fa sunulacak olan Mercedes Benz V serisi, 2019 y\u0131l\u0131na damga vuracak. Yenilenen tasar\u0131m\u0131yla g\u00f6z dolduran minib\u00fcs modelinin al\u0131c\u0131lar\u0131 \u00e7\u0131k\u0131\u015f tarihini iple \u00e7ekiyor. Peki yenilenen tasar\u0131m\u0131yla gelen Mercedes-Benz V-Serisi 2019 modelinin \u00f6zellikleri neler?<\/p>\n"},"alt_text":"","media_type":"image","mime_type":"image\/jpeg","media_details":{"width":825,"height":525,"file":"2019\/02\/tasarim-harikasi-2019-mercedes-benz-v-serisi-tanitildi-0.jpg","sizes":{"thumbnail":{"file":"tasarim-harikasi-2019-mercedes-benz-v-serisi-tanitildi-0-150x150.jpg","width":150,"height":150,"mime_type":"image\/png","source_url":"https:\/\/habergunleri.com\/wp-content\/uploads\/2019\/02\/tasarim-harikasi-2019-mercedes-benz-v-serisi-tanitildi-0-150x150.jpg"},"medium":{"file":"tasarim-harikasi-2019-mercedes-benz-v-serisi-tanitildi-0-300x191.jpg","width":300,"height":191,"mime_type":"image\/png","source_url":"https:\/\/habergunleri.com\/wp-content\/uploads\/2019\/02\/tasarim-harikasi-2019-mercedes-benz-v-serisi-tanitildi-0-300x191.jpg"},"medium_large":{"file":"tasarim-harikasi-2019-mercedes-benz-v-serisi-tanitildi-0-768x489.jpg","width":768,"height":489,"mime_type":"image\/png","source_url":"https:\/\/habergunleri.com\/wp-content\/uploads\/2019\/02\/tasarim-harikasi-2019-mercedes-benz-v-serisi-tanitildi-0-768x489.jpg"},"safirWide":{"file":"tasarim-harikasi-2019-mercedes-benz-v-serisi-tanitildi-0-700x420.jpg","width":700,"height":420,"mime_type":"image\/png","source_url":"https:\/\/habergunleri.com\/wp-content\/uploads\/2019\/02\/tasarim-harikasi-2019-mercedes-benz-v-serisi-tanitildi-0-700x420.jpg"},"safirMiddle":{"file":"tasarim-harikasi-2019-mercedes-benz-v-serisi-tanitildi-0-400x240.jpg","width":400,"height":240,"mime_type":"image\/png","source_url":"https:\/\/habergunleri.com\/wp-content\/uploads\/2019\/02\/tasarim-harikasi-2019-mercedes-benz-v-serisi-tanitildi-0-400x240.jpg"},"full":{"file":"tasarim-harikasi-2019-mercedes-benz-v-serisi-tanitildi-0.jpg","width":825,"height":525,"mime_type":"image\/jpeg","source_url":"https:\/\/habergunleri.com\/wp-content\/uploads\/2019\/02\/tasarim-harikasi-2019-mercedes-benz-v-serisi-tanitildi-0.jpg"}},"image_meta":{"aperture":"0","credit":"","camera":"","caption":"","created_timestamp":"0","copyright":"","focal_length":"0","iso":"0","shutter_speed":"0","title":"","orientation":"0","keywords":[]}},"post":487,"source_url":"https:\/\/habergunleri.com\/wp-content\/uploads\/2019\/02\/tasarim-harikasi-2019-mercedes-benz-v-serisi-tanitildi-0.jpg","_links":{"self":[{"href":"https:\/\/habergunleri.com\/index.php\/wp-json\/wp\/v2\/media\/489"}],"collection":[{"href":"https:\/\/habergunleri.com\/index.php\/wp-json\/wp\/v2\/media"}],"about":[{"href":"https:\/\/habergunleri.com\/index.php\/wp-json\/wp\/v2\/types\/attachment"}],"author":[{"embeddable":true,"href":"https:\/\/habergunleri.com\/index.php\/wp-json\/wp\/v2\/users\/1"}],"replies":[{"embeddable":true,"href":"https:\/\/habergunleri.com\/index.php\/wp-json\/wp\/v2\/comments?post=489"}]}}

Tasarım harikası 2019 Mercedes-Benz V serisi tanıtıldı

<p class="attachment"><a href='https://habergunleri.com/wp-content/uploads/2019/02/tasarim-harikasi-2019-mercedes-benz-v-serisi-tanitildi-0.jpg'><img loading="lazy" decoding="async" width="300" height="191" src="https://habergunleri.com/wp-content/uploads/2019/02/tasarim-harikasi-2019-mercedes-benz-v-serisi-tanitildi-0-300x191.jpg" class="attachment-medium size-medium" alt="" srcset="https://habergunleri.com/wp-content/uploads/2019/02/tasarim-harikasi-2019-mercedes-benz-v-serisi-tanitildi-0-300x191.jpg 300w, https://habergunleri.com/wp-content/uploads/2019/02/tasarim-harikasi-2019-mercedes-benz-v-serisi-tanitildi-0-768x489.jpg 768w, https://habergunleri.com/wp-content/uploads/2019/02/tasarim-harikasi-2019-mercedes-benz-v-serisi-tanitildi-0.jpg 825w" sizes="(max-width: 300px) 100vw, 300px" /></a></p>
<p>Avrupa&#8217;da önümüzdeki Mart ayından itibaren satışa sunulacak olan Mercedes Benz V serisi, 2019 yılına damga vuracak. Yenilenen tasarımıyla göz dolduran minibüs modelinin alıcıları çıkış tarihini iple çekiyor. Peki yenilenen tasarımıyla gelen Mercedes-Benz V-Serisi  2019 modelinin özellikleri neler?</p>

<p>Avrupa&#8217;da önümüzdeki Mart ayından itibaren satışa sunulacak olan Mercedes Benz V serisi, 2019 yılına damga vuracak. Yenilenen tasarımıyla göz dolduran minibüs modelinin alıcıları çıkış tarihini iple çekiyor. Peki yenilenen tasarımıyla gelen Mercedes-Benz V-Serisi 2019 modelinin özellikleri neler?</p>
